0)/(-2) + 0 + -2 + 3.
71
Let j(f) = -f**3 + 11*f**2 + f - 10. Let d be j(11). List the prime factors of 33 + 1 + d + -2.
3, 11
Suppose -3*s = -8*d + 4*d + 991, 3*s = 2*d - 491. What are the prime factors of d?
2, 5
Let z be 6*128/36*3. Let b = z + -35. What are the prime factors of b?
29
Let z(i) = i**3 + 5*i**2 - 7*i - 3. Let f be z(-6). Suppose -4*y + 28 = -4*l, -f*y + 26 = -y + 4*l. What are the prime factors of 32/(-3)*y/(-6)?
2
Suppose 1 + 2 = 3*q. Let g(z) = 58*z**3. What are the prime factors of g(q)?
2, 29
Let b = -2 - 3. Let j = 7 + b. Suppose -5 = -j*i + 23. What are the prime factors of i?
2, 7
Let m(r) = r**3 - 10*r**2 + 25*r - 10. List the prime factors of m(11).
2, 193
Let u(n) = n + 4. Let d be u(-4). Suppose -4*q - 9 + 49 = d. List the prime factors of q.
2, 5
Let i = 67 - 19. List the prime factors of i.
2, 3
Let v(w) = 0 + 7*w + w + w**2 + 5. List the prime factors of v(-9).
2, 7
Let n(h) = 7*h + 2*h - h - 6 + h**3 + 10*h**2. What are the prime factors of n(-9)?
3
Let c be 8/(-6)*(-7 + -17). Suppose 5*k + c = 5*a + k, -4*k = -2*a + 8. What are the prime factors of a?
2
Let u be (5/15)/(1/9). Suppose -u*r + 5*r = 90. Suppose -i - 3*a = -13, 2*a = -4*i - 3*a + r. List the prime factors of i.
2, 5
Let i be 120/18 - 2/3. Suppose -l + i*l - 10 = 0. List the prime factors of l.
2
Suppose -2*k - 63 + 179 = 0. List the prime factors of k.
2, 29
Let d(k) = 5*k**2 - 2. What are the prime factors of d(3)?
43
Suppose 0 = l + l + 6, 3*l = -2*n + 9. List the prime factors of n.
3
Let l(a) = -207*a**3 - 2*a**2 - a. List the prime factors of l(-1).
2, 103
Let p = -51 + 84. List the prime factors of p.
3, 11
Suppose 2*r - 4*t = 16, 4*t = 2*t + 4. What are the prime factors of r?
2, 3
Suppose 4*p + 2 = -2. Let a be 3 - 8 - p - -3. Let m = 4 + a. What are the prime factors of m?
3
Let r(c) = 2*c**3 - 2*c**2 + 2*c + 1. List the prime factors of r(2).
13
Let n(l) = -l**3 - 4*l**2 + 6*l + 4. Let b be n(-5). Let c be ((-3)/(-2))/(b/(-2)). Suppose c*t = -3, 10 = 2*r - 5*t - 3. List the prime factors of r.
2
Let j(p) be the third derivative of p**6/360 - p**5/15 + p**4/6 - 2*p**3/3 + 3*p**2. Let s(y) be the first derivative of j(y). List the prime factors of s(9).
13
Let p = -30 + 47. List the prime factors of p.
17
Suppose -q + 12 = -z - 6, -5*q = 5*z - 100. Suppose -3*f + 43 + q = 2*k, 4*f = -16. List the prime factors of k.
37
List the prime factors of 14/(-49) - (1 + 1446/(-14)).
2, 3, 17
Let w be 71 + 4/(-8)*-8. Let q = -37 + w. What are the prime factors of q?
2, 19
Suppose -11*l + 13*l = 4. List the prime factors of l.
2
Let t(n) = n**2 - n - 3. Suppose -5 - 10 = -5*l. What are the prime factors of t(l)?
3
Let h be -3*(-1 + 8/1). Let y = h - -38. What are the prime factors of y?
17
Suppose q + 4 = 2*q. Suppose -8 = -q*s - 0. Suppose -k - 24 = -s*x + 3*k, -5*x - 3*k + 47 = 0. List the prime factors of x.
2, 5
Let i be ((-42)/(-4))/(9/12). Let u = i - 7. Let q = -1 + u. What are the prime factors of q?
2, 3
Suppose 4*w - 19 = -s, 2*s + 2*w - 87 = -19. Suppose s - 151 = -4*g. What are the prime factors of g?
2, 7
Suppose 33 = -4*l + 7*l. Suppose 0*v = v - l. List the prime factors of v.
11
Suppose 4*u - 5*q - 415 = 0, u + 0*u - 130 = -4*q. List the prime factors of u.
2, 5, 11
Let b(w) = -13*w - 13. Let j(n) = 7*n + 7. Let z(i) = 4*b(i) + 7*j(i). What are the prime factors of z(-6)?
3, 5
Let q = -18 - -25. Let u(p) = 6*p - 16. Let s(l) = -2*l + 5. Let y(b) = q*s(b) + 2*u(b). List the prime factors of y(-4).
11
Let c = -14 + 27. What are the prime factors of c?
13
Let r be (-4)/(-6)*333/(-6). Let q = -1 - r. List the prime factors of q.
2, 3
Suppose 134 = 4*p - 130. What are the prime factors of p?
2, 3, 11
Suppose -3*m = -5*m - 10. List the prime factors of m/(-15) - 17/(-3).
2, 3
Let s = -67 - -150. What are the prime factors of s?
83
List the prime factors of 6/(1 - ((-65)/(-34) + -1)).
2, 17
Suppose g - 22 = -d + 35, 3*g - 177 = -d. What are the prime factors of g?
2, 3, 5
Suppose -5*m = 5*n - 160, -3*n + 5 = -4*n. List the prime factors of m.
37
Suppose -2*t = -3*t + 22. List the prime factors of t.
2, 11
Let r(o) = -o**3 + 6*o**2 + 8*o + 8. What are the prime factors of r(7)?
3, 5
Let t(b) = -4*b**2 + 7*b - 10. Let g(k) = 3*k**2 - 7*k + 10. Let z(r) = -6*g(r) - 5*t(r). List the prime factors of z(-6).
2, 5
Let v = 12 + -10. Suppose 92 = -v*k + 4*k. List the prime factors of k.
2, 23
Let f(n) = n + 14. Let w be f(-10). Suppose -w*h - h = -10. Suppose -y - 12 = -h*y. List the prime factors of y.
2, 3
Suppose -3*p - 19 = -5*z, -5*z - 2 = 5*p - p. Suppose 2*w + 2*w = -r + 30, -z = -r. List the prime factors of w.
7
Suppose 0 = -2*k - 0*k. Let x = k - -2. What are the prime factors of x?
2
Let q = -70 - -121. Let r be 3/(-2 + -1) - -36. Let c = q - r. List the prime factors of c.
2
Let w = -12 - -11. Let o = w + 9. List the prime factors of o.
2
Let l(x) = -x**3 - 14*x**2 - 13*x + 3. Let i be l(-13). Let n = 20 - i. List the prime factors of n.
17
Suppose 2 = -4*j + 30. Let t = 29 + j. List the prime factors of t.
2, 3
Let j = -2 + 5. Suppose 1 = 4*g + 5*l - 10*l, 24 = j*g + 4*l. Suppose 2*f - g*f = -26. What are the prime factors of f?
13
Suppose 4*n - 5*m = -3, 3*n - 4*m - 2 = -5. Let x = 5 - n. Suppose -4*h + 9 - 3 = 5*g, -4*h = g + x. List the prime factors of g.
2
Suppose -3*w = 2*w - 180. What are the prime factors of w?
2, 3
Let j be (-1 + 1)/(1 - 4). Suppose 0 = 5*r - 8*r + 12. Suppose j = -r*a + 17 - 1. List the prime factors of a.
2
Suppose 0 = 9*o - 6*o - 162. What are the prime factors of o?
2, 3
What are the prime factors of (-4)/(-30) - (-489)/45?
11
Let h(x) = x**2 + 9*x + 10. Suppose 2*t = -c + 5, -6 + 0 = -t + 3*c. Let o be ((-6)/4)/(t/18). List the prime factors of h(o).
2, 5
Let n(g) be the second derivative of -g**8/672 - g**7/2520 - g**4/12 + 3*g. Let v(q) be the third derivative of n(q). List the prime factors of v(-1).
3
Suppose 0 = 3*r + 2*r - 75. Let m = 6 - -2. Suppose 3*j + 3*d = 7*j - r, m = 2*j - 2*d. List the prime factors of j.
3
Suppose c - z - 34 = 0, c + 0*c + 3*z - 14 = 0. What are the prime factors of c?
29
Let g(c) = c**2 - 4. Let q(b) be the first derivative of -b**3/3 + b**2/2 + 2*b + 1. Let x be q(-2). List the prime factors of g(x).
2, 3
Let a = 25 - -47. What are the prime factors of a?
2, 3
Suppose -11*o = -10*o - 104. What are the prime factors of o?
2, 13
Let z = 14 - 7. Suppose 3*q - 8 = k, -5*k - q - 4*q = -20. Let y = z - k. What are the prime factors of y?
2, 3
Suppose 5*a = -4*c + 988, 0 = 6*c - 5*c + 3. List the prime factors of a.
2, 5
Suppose 556 = 4*w + 5*r, 3*w + 2*r + 46 - 470 = 0. List the prime factors of w.
2, 3
Let t = 10 + 9. What are the prime factors of t?
19
Let c = 21 - 18. What are the prime factors of c?
3
Let y = 38 - -351. List the prime factors of y.
389
Let y be 2628/15 - (-1)/(-5). Suppose b + 270 = 5*l, 4*l + 2*b = l + y. List the prime factors of l.
5, 11
Let d = 13 - 9. Suppose 3*y = 3*i - 28 - 44, d*i + 5*y = 105. List the prime factors of i.
5
Suppose 11*a - 14*a = -102. What are the prime factors of a?
2, 17
Let t(h) = h**2 + 9*h - 10. Let u be t(-10). Suppose -2*a - 14 = 4*m - 0*m, -5*m - 4*a - 25 = u. What are the prime factors of (0 - -3)/(m/(-2))?
2, 3
Suppose 4*o - 29 = -r, -2*r - 5*o + 58 = -o. List the prime factors of r.
29
Suppose 9*m - 14*m = -70. What are the prime factors of m?
2, 7
Let t(h) = 4*h - 4. Suppose 0 = 4*l + l - 15. List the prime factors of t(l).
2
Let n(x) = x - 4. Let p be n(7). Suppose 3*b + 6 = -g - b, 4*g + p*b - 2 = 0. Suppose 0 = i - g*v - 4 - 3, 3*i - 4*v = 25. What are the prime factors of i?
11
Suppose -5*m + 29 = 2*y, -2*y - 2*m = 2*y - 18. Let o = y + 1. List the prime factors of 1/o - (-16)/6.
3
List the prime factors of ((-244)/(-8))/(1/12*2).
3, 61
What are the prime factors of 30 - 1/(-3)*3?
31
Let l be ((-20)/(-8))/(1/2). Let g(x) = x**2 + x + 4. What are the prime factors of g(l)?
2, 17
Let k(w) = w + 36. List the prime factors of k(-15).
3, 7
Let t(s) = -s + 4. Let d(n) = n - 5. Let m(p) = -3*d(p) - 2*t(p). What are the prime factors of m(-5)?
2, 3
Let u = 3 - -35. Let b = -27 + u. What are the prime factors of b?
11
Let b(f) = f**3 + 7*f**2 + 6*f - 2. Let x be b(-6). Let g = 11 - -2. Let y = g + x. What are the prime fac